ate t(5).
40
Suppose -14*f + 114 = -250. Suppose 2*m + 2*m - 2*i = f, 3*i = -3*m + 15. Let s(c) = c - 7. What is s(m)?
-1
Let j = -17 + 24. Let y(i) = -12*i + 2 - 3*i + 9*i. Let x(q) = -q - 1. Let d(l) = -5*x(l) + y(l). What is d(j)?
0
Let x(c) = -2*c**2 - 37*c - 25. Suppose -5*d + 5*q = 105, -28*d = -27*d - 6*q + 26. Determine x(d).
-85
Let d(h) = -h**2 + 4*h + 6. Suppose -32*v + 28*v = -2*b, 24 = 3*b + 2*v. Calculate d(b).
-6
Let a = 89 - 93. Suppose 0 = -5*t - 0*t - 2*q + 275, 223 = 4*t + q. Let n(b) = -4*b**3 + 3*b**3 - 58*b - b**2 - 4*b**2 + t*b + 5. Give n(a).
-7
Suppose 0 = 27*s - 20*s + 35. Suppose 15 = 3*g - 2*n + 3*n, -4*g + 20 = -n. Let m(l) = -l**2 + 4 + 2*l + 0*l + 0 - g*l. Determine m(s).
-6
Let u be (28 - -2)/3 - 3/1. Suppose u*h - 21 + 0 = 0. Let j(g) = g**3 - g**2 - 3*g - 1. Give j(h).
8
Suppose 215*l + 898*l + 3596 = -33*l - 652*l. Let v(g) be the first derivative of 3*g**4/4 + 2*g**3/3 + g**2 + 3*g - 1. Calculate v(l).
-17
Let s(j) be the first derivative of -55 + 49/2*j**2 - j. Give s(-1).
-50
Let k be (-58)/8 - 27/(-648)*6. Let h(n) = -n**3 - 5*n**2 + 10*n - 33. Determine h(k).
-5
Let b(t) = t - 44. Let g(d) = 12*d + 105. Let f(o) = -9*b(o) - 3*g(o). Calculate f(2).
-9
Suppose -12*m + 26 + 34 = 0. Suppose m + 23 = 14*y. Let u(v) = -v**y + 7*v + 8*v**2 + 3*v**2 - 9*v**2 - 8. Determine u(-6).
-14
Let k(b) = 7*b - 3. Let p(d) = -190*d + 80. Let u(j) = -80*k(j) - 3*p(j). Let a(l) = -29 - 2*l + 93 - 37 - 27. Let t(m) = 22*a(m) + 4*u(m). Determine t(4).
-16
Let b(u) = 652*u + 678*u - u**2 + 28 - 1320*u. Determine b(-3).
-11
Suppose 25*f + 5*c + 18 = 23*f, -15 = 5*f + 5*c. Let z(x) = 22*x - 1. Calculate z(f).
21
Let j(s) = 7*s - 7 - 9 + 8*s + 15. Let m(l) = -9*l**2 + 38*l - 9. Let i be m(4). Give j(i).
-16
Let r(v) = -27*v + 86. Let c(g) = -72*g + 226. Let o(l) = -7*c(l) + 19*r(l). Calculate o(6).
-2
Suppose q = 7 - 5, -5*q + 52 = -6*w. Let p(t) = -6*t + t + 2*t - 15. Calculate p(w).
6
Let u(h) = -h**2 + 7*h - 8. Let s(a) = -15*a**2 - 3. Let c be s(-2). Let k = c + 49. Let o be (12/14)/((-2)/k). What is u(o)?
-2
Let d = 47 + -37. Suppose -k = 4*k - d. Let s(f) = 8*f - k*f - f - 2 + f**2. What is s(-4)?
-6
Let z(l) = -6*l + 1 + 3*l + l**2 - 3*l. Let x(h) = 15*h - 204. Let v = -98 + 112. Let o be x(v). Give z(o).
1
Suppose -21*l - 45 = -30*l. Let k(r) = -5007*r + 5005*r + 0 - l. Calculate k(-10).
15
Let s(o) = -o**2 - 3*o - 3. Let n(d) = d**2 - 10*d - 43. Let f = 234 - 221. Let t be n(f). What is s(t)?
-7
Let u = 36 + -32. Suppose 1 = u*n - 23. Let x(j) be the second derivative of j**4/12 - 4*j**3/3 + 9*j**2/2 - 6*j. Determine x(n).
-3
Let w(q) = -q**3 + 8*q**2 + 3*q - 11. Suppose 0 = 23*v - 1548 + 4699. Let z = v + 145. What is w(z)?
13
Let w(c) = -c**3 + 8*c**2 + 6*c + 10. Let h(g) = g**2 + 22*g + 118. Let x be h(-9). Suppose -27*l + 23*l = p - 41, -2*p + x = -l. Give w(l).
-17
Suppose 4 = f + 65. Let k = f + 99. Suppose 0 = n + 5*s - 14, -5*s + k = -0*n - 3*n. Let l(g) = -3*g - 2. Give l(n).
16
Let c(u) = u - 21. Suppose 160*p - 156*p - 2*l + 60 = 0, 4*l = 2*p + 54. Calculate c(p).
-32
Suppose 33*a + 22 = 279 + 370. Let m(v) = -5*v**2 + 100*v - 94. Determine m(a).
1
Suppose 11*f = 12*f - 2. Let v(u) = -65771*u**2 - u**3 + 65773*u**2 + u - 3*u - 2. Give v(f).
-6
Let v(c) = 27*c**2 - 6 + 5*c**2 + 14*c - 39*c**2 - 10*c + 22*c**2. Determine v(3).
141
Let z(q) = 3*q**2 + 381207*q**3 - 381208*q**3 + 10 + 3*q - 11. Let b = -5 - -9. Let y = b - 0. Give z(y).
-5
Let g(h) = h + 10 - 10*h**2 - 10 + 15*h**2. Suppose -3*d + 15 = 0, -7*r = -2*r - d. Determine g(r).
6
Let i(c) = -18*c + 1. Let y be 0/(1 - 3/(-6)*4). Suppose y = 2*p - 4*p + 36. Suppose -10 = -p*u + 8. Give i(u).
-17
Let p(x) be the first derivative of 2*x**2 + 29*x - 1297. Calculate p(-7).
1
Let i(l) = -l**2 - 7*l - 11. Let m be i(-4). Suppose -7 - 1 = -4*j. Let r(y) = -31*y - y**j + 0 + m + 28*y - 3. What is r(-3)?
-2
Let h(j) = 71*j + 1143. Let b(i) = -275*i - 4564. Let f(m) = 2*b(m) + 9*h(m). What is f(-13)?
2
Let z(s) = -s**2 - 13*s - 11. Let b be z(-12). Let q(x) = 7*x + 0*x + 2 + x**2 - b - 2*x. Suppose 4*u = -0*u - d - 33, 40 = -5*u - d. What is q(u)?
15
Let m be 4*-6*1/(-4). Let c(r) be the first derivative of r**3/3 - 5*r**2/2 + 4*r - 9354. Calculate c(m).
10
Let r(p) be the second derivative of -p**3/3 + 17*p**2 - 113*p - 3. Calculate r(0).
34
Let c(g) = -g - 16. Let s be c(-7). Let n(a) = 4*a**2 + 21*a**2 + 3*a - 11 - a - 26*a**2 - 14*a. Determine n(s).
16
Let d(h) = h**2 + 7*h + 2. Let f(a) = -3*a**2 + 2*a + 2. Let c be f(-4). Let t = 56 + c. Let n be ((-16)/(-6) - t)*-12. Calculate d(n).
10
Let q(l) = -53*l**2 - l + 31 - 92*l**2 - 131*l**2 + 2*l**3 + 303*l**2 - 117*l**2. What is q(45)?
-14
Let b(m) = 3*m - 3. Suppose 2*o - 8*o = -120. Let x(y) = 2*y + 23. Let i be x(o). Let d = -61 + i. Calculate b(d).
3
Let u(y) = -y**3 - 5*y**2 + 9*y - 7. Let s(c) = -c**3 - 4*c**2 + 9*c - 7. Let z be 11 + (-16)/(-12)*-6. Let t(a) = z*s(a) - 4*u(a). What is t(-9)?
7
Let a(z) = -16*z + 12. Let q be (0 + -1 - -2)*330/33. Let w(c) = -5*c + 4. Let s(r) = q*w(r) - 3*a(r). Let m be (-2 + (-16)/(-14))*-7. Determine s(m).
-8
Let a(i) = -i**2 - 14*i + 5. Let x(q) = -q**2 - 13*q + 5. Let v(h) = 4*a(h) - 5*x(h). Suppose -19*f = 174*f + 1737. Determine v(f).
-5
Let v(i) = -2 + 0 - 2*i**2 + 4*i**3 + 5*i**2. Let j(o) = o**2 - 1416*o - 8531. Let s be j(-6). Calculate v(s).
5
Let x(g) = -g**3 + 2*g**2 + 4. Let a be x(3). Let z(t) = 1765*t - 439*t - 444*t + 1 - 443*t - 440*t. Give z(a).
6
Let a(i) = 7*i - 4. Let t(g) = -9*g + 123. Let z be t(14). Let r(u) = -16*u + 10. Let k(j) = z*r(j) - 7*a(j). What is k(-9)?
7
Let h be -3 - 0*((-7)/28)/(-1). Let s be 7/3 + (-6)/18. Let q(n) = -n + 0*n**3 + 3*n + 4*n**s + 2 + n**3. Calculate q(h).
5
Let w(l) = -7*l - 33. Suppose -12*k = 15*k + 4*k + 186. Calculate w(k).
9
Let s(t) be the first derivative of -t**4/12 - 3*t**3/2 - 11*t**2/2 + 38*t - 4. Let h(g) be the first derivative of s(g). What is h(-9)?
-11
Suppose -57*r = -56*r. Suppose -y - 178 = -5*p - 47, -5*p - y + 129 = r. Suppose -5*h + p = 2*t, -t - t - 4*h + 22 = 0. Let i(z) = -z + 1. Calculate i(t).
-2
Let d be 19 + (23 - (25 + 15)). Let v(n) = -n**2 + 4*n + 6. Let i(a) = a**2 - a - 1. Let o(u) = 6*i(u) + v(u). Calculate o(d).
16
Let q(c) = 7*c + 6. Let i(f) = 2*f - 110. Let w be i(55). Give q(w).
6
Let q(h) = -5*h**3 - 14*h**2 + 7*h + 14. Let t be q(-3). Let l(c) be the first derivative of 0*c - 13 + 10/3*c**3 + 1/2*c**t. Calculate l(-1).
9
Suppose -1021 + 973 = 4*a. Let w be (-5 - a) + 10/(-10). Let j(p) = -p**2 + 6*p + 4. Calculate j(w).
4
Let m = -6 - -11. Suppose -5*b = 4*y - 10477, 7*b = 4*b + 4*y + 6267. Let d(k) = -4*k + 0*k**2 - 2099 + k**2 + b. Determine d(m).
-1
Let g(u) = -u**3 + u**2 + u + 4. Let s = -139 - -129. Let t(a) = -a**2 - 14*a - 40. Let l be t(s). Calculate g(l).
4
Let s = -19 + 23. Suppose r - s*y - 2 = 10, 22 = 5*r - y. Let k(u) = -u**3 - 20 + 3 + 4*u**2 + r + 7*u + 9. Determine k(5).
6
Let g(m) = -20*m + 10. Let z(c) = -20*c + 8. Let u(l) = -4*g(l) + 5*z(l). Let q be 2/7 + (-135)/105. Calculate u(q).
20
Let h(o) = -o**3 + 6*o**2 + 2*o + 1. Let u be ((-6)/(-4))/((-15)/820). Let m = u + 78. Let a be 6*(m/4 - -2). Determine h(a).
13
Let u(j) = -j**3 + 7*j**2 - j + 7. Let y be (0 + 8/2)*55/(-4). Let w = 75 + y. Suppose -3*b - 4*a + 4 + 25 = 0, 0 = -4*b + 4*a + w. Calculate u(b).
0
Let g(p) = -2*p**2 - 234*p + 158*p - p**2 + 82*p - 1. Give g(6).
-73
Let v be (9/(-6))/(9/(-96)). Let u be 3 - -2*(-14)/(-4). Let j(t) = -2*t + 29 - v - u. Determine j(-3).
9
Let p(y) be the second derivative of 9/2*y**2 - 2*y + 0 - 7/6*y**3 - 1/12*y**4. Let q(r) = -r - 14. Let x be q(-7). Give p(x).
9
Let d(w) = w**3 - 40*w**2 - 44*w + 124. Let r be (0 + (-164)/(-4))/1. Let n be d(r). Let y(u) = -u**2 + 1. What is y(n)?
0
Let r(u) = -u**2 - 8*u - 5. Let z = -748 + 751. Suppose 2*j = -2, 0 = -k - z*j - 2 - 7. Determine r(k).
7
Let w(v) = -10*v - 6. Suppose -6*y + 30 - 48 = 0. Let n(i) = 3 + 3*i - i - 3 + 1. Let q(p) = y*w(p) - 14*n(p). What is q(-6)?
-8
Let p be ((-10)/(-8))/((-4)/(-16)). Let o(n) = -n**3 + 4*n**2 + 9*n - 18. Let b be o(p). Let q(g) = 7 + 7*g - 6 - g**b - 4. Determine q(5).
7
Let u(r) be the first derivative of -r**3/3 - r**2 - 1. Let m(a) = 7*a - 14 - a - 9*a - 15. Let c be m(-9